{"id":17306,"date":"2026-01-09T12:39:57","date_gmt":"2026-01-09T12:39:57","guid":{"rendered":"https:\/\/altat.com.tr\/?page_id=17306"},"modified":"2026-01-09T12:39:58","modified_gmt":"2026-01-09T12:39:58","slug":"genel-politikamiz","status":"publish","type":"page","link":"https:\/\/altat.com.tr\/index.php\/genel-politikamiz\/","title":{"rendered":"Genel Politikam\u0131z"},"content":{"rendered":"\n<h3 class=\"wp-block-heading\"><strong>Kalite, G\u0131da G\u00fcvenli\u011fi ve Helal G\u0131da Politikam\u0131z<\/strong><\/h3>\n\n\n\n<ul class=\"wp-block-list\">\n<li>M\u00fc\u015fterilerimizin ihtiya\u00e7 ve beklentilerini kar\u015f\u0131layabilen; <strong>kaliteli, hijyenik, \u0130slami kurallara ve T\u00fcrk G\u0131da Kodeksi\u2019ne uygun, g\u00fcvenli \u00fcr\u00fcnler<\/strong> \u00fcretmek.<\/li>\n\n\n\n<li><strong>G\u0131da G\u00fcvenli\u011fi Y\u00f6netim Sistemi<\/strong>, <strong>OIC\/SMIIC 1<\/strong>, <strong>GSO 2055-1 Helal G\u0131da Genel Gereklilikler<\/strong>, <strong>MS 1500:2019 Helal G\u0131da Genel Gereklilikler<\/strong> ve <strong>Kalite Y\u00f6netim Sistemi Standartlar\u0131na<\/strong> uygunlu\u011fu sa\u011flamak; sistemimizin etkinli\u011fini <strong>s\u00fcrekli iyile\u015ftirmek<\/strong>.<\/li>\n\n\n\n<li>T\u00fcm faaliyetlerimizde <strong>Kalite, G\u0131da G\u00fcvenli\u011fi, Helal G\u0131da ve G\u0131da Hijyeni<\/strong> odakl\u0131 \u00e7al\u0131\u015fmak.<\/li>\n\n\n\n<li>Personelimizi d\u00fczenli olarak e\u011fiterek; <strong>Kalite, Helal G\u0131da ve G\u0131da G\u00fcvenli\u011fi<\/strong> konular\u0131ndaki bilin\u00e7 d\u00fczeyini s\u00fcrekli geli\u015ftirmek.<\/li>\n\n\n\n<li><strong>M\u00fc\u015fteri memnuniyetini sa\u011flamak<\/strong>, mevzuat \u015fartlar\u0131na uygun \u00fcr\u00fcnler \u00fcretmek; <strong>hammadde temininden nihai \u00fcr\u00fcn\u00fcn m\u00fc\u015fteriye sunumuna kadar<\/strong> t\u00fcm a\u015famalarda her t\u00fcrl\u00fc <strong>taklit ve ta\u011f\u015fi\u015ften ka\u00e7\u0131nmak<\/strong>.<\/li>\n\n\n\n<li><strong>Malzeme kabul\u00fcnden sat\u0131\u015f noktas\u0131na kadar<\/strong> olan t\u00fcm s\u00fcre\u00e7lerde <strong>g\u0131da savunmas\u0131na ili\u015fkin riskleri<\/strong> de\u011ferlendirerek, \u00f6nleyici tedbirlerin al\u0131nmas\u0131n\u0131 ve eri\u015filebilirli\u011fin s\u0131n\u0131rland\u0131r\u0131lmas\u0131n\u0131 sa\u011flamak.<\/li>\n\n\n\n<li>\u00dcretim s\u00fcre\u00e7lerinde <strong>m\u00fcmk\u00fcn olan en ideal enerji kullan\u0131m\u0131n\u0131<\/strong> sa\u011flayarak, <strong>iklim de\u011fi\u015fikli\u011fine olan olumsuz etkiyi en d\u00fc\u015f\u00fck seviyede tutmak<\/strong>.<\/li>\n<\/ul>\n","protected":false},"excerpt":{"rendered":"<p>Kalite, G\u0131da G\u00fcvenli\u011fi ve Helal G\u0131da Politikam\u0131z<\/p>\n","protected":false},"author":1,"featured_media":0,"parent":0,"menu_order":0,"comment_status":"closed","ping_status":"open","template":"","meta":{"footnotes":""},"class_list":["post-17306","page","type-page","status-publish","hentry"],"_links":{"self":[{"href":"https:\/\/altat.com.tr\/index.php\/wp-json\/wp\/v2\/pages\/17306","targetHints":{"allow":["GET"]}}],"collection":[{"href":"https:\/\/altat.com.tr\/index.php\/wp-json\/wp\/v2\/pages"}],"about":[{"href":"https:\/\/altat.com.tr\/index.php\/wp-json\/wp\/v2\/types\/page"}],"author":[{"embeddable":true,"href":"https:\/\/altat.com.tr\/index.php\/wp-json\/wp\/v2\/users\/1"}],"replies":[{"embeddable":true,"href":"https:\/\/altat.com.tr\/index.php\/wp-json\/wp\/v2\/comments?post=17306"}],"version-history":[{"count":1,"href":"https:\/\/altat.com.tr\/index.php\/wp-json\/wp\/v2\/pages\/17306\/revisions"}],"predecessor-version":[{"id":17307,"href":"https:\/\/altat.com.tr\/index.php\/wp-json\/wp\/v2\/pages\/17306\/revisions\/17307"}],"wp:attachment":[{"href":"https:\/\/altat.com.tr\/index.php\/wp-json\/wp\/v2\/media?parent=17306"}],"curies":[{"name":"wp","href":"https:\/\/api.w.org\/{rel}","templated":true}]}}